{"id":942,"date":"2022-11-04T14:02:38","date_gmt":"2022-11-04T13:02:38","guid":{"rendered":"https:\/\/innosergo.com\/?page_id=942"},"modified":"2022-11-07T12:27:45","modified_gmt":"2022-11-07T11:27:45","slug":"golf-villennes","status":"publish","type":"page","link":"https:\/\/innosergo.com\/?page_id=942","title":{"rendered":"Golf Villennes"},"content":{"rendered":"\n<div class=\"wp-block-cover alignfull is-light\" style=\"min-height:65vh\"><span aria-hidden=\"true\" class=\"wp-block-cover__background has-ast-global-color-0-background-color has-background-dim-20 has-background-dim\"><\/span><img loading=\"lazy\" width=\"1920\" height=\"2560\" class=\"wp-block-cover__image-background wp-image-545\" alt=\"\" src=\"https:\/\/innosergo.com\/wp-content\/uploads\/2022\/09\/IMG_2688-scaled.jpeg\" style=\"object-position:48% 72%\" data-object-fit=\"cover\" data-object-position=\"48% 72%\" srcset=\"https:\/\/innosergo.com\/wp-content\/uploads\/2022\/09\/IMG_2688-scaled.jpeg 1920w, https:\/\/innosergo.com\/wp-content\/uploads\/2022\/09\/IMG_2688-225x300.jpeg 225w, https:\/\/innosergo.com\/wp-content\/uploads\/2022\/09\/IMG_2688-768x1024.jpeg 768w, https:\/\/innosergo.com\/wp-content\/uploads\/2022\/09\/IMG_2688-1152x1536.jpeg 1152w, https:\/\/innosergo.com\/wp-content\/uploads\/2022\/09\/IMG_2688-1536x2048.jpeg 1536w\" sizes=\"(max-width: 1920px) 100vw, 1920px\" \/><div class=\"wp-block-cover__inner-container\">\n<h1 class=\"has-white-color has-text-color\">Golf de Villennes-sur-Seine<\/h1>\n<\/div><\/div>\n\n\n\n<h2 class=\"has-text-align-center has-ast-global-color-6-color has-text-color\" id=\"1321182104\">Position des drapeaux <\/h2>\n\n\n\n<h4>Voici les vues a\u00e9riennes et la position des drapeaux du golf de Villennes-sur-Seine<br><\/h4>\n\n\n\n<figure class=\"wp-container-2 wp-block-gallery-1 wp-block-gallery has-nested-images columns-default is-cropped\">\n<figure class=\"wp-block-image size-large\"><img loading=\"lazy\" width=\"362\" height=\"394\" data-id=\"920\"  src=\"https:\/\/innosergo.com\/wp-content\/uploads\/2022\/11\/Trou-1.png\" alt=\"\" class=\"wp-image-920\" srcset=\"https:\/\/innosergo.com\/wp-content\/uploads\/2022\/11\/Trou-1.png 362w, https:\/\/innosergo.com\/wp-content\/uploads\/2022\/11\/Trou-1-276x300.png 276w\" sizes=\"(max-width: 362px) 100vw, 362px\" \/><\/figure>\n\n\n\n<figure class=\"wp-block-image size-large\"><img loading=\"lazy\" width=\"362\" height=\"394\" data-id=\"921\"  src=\"https:\/\/innosergo.com\/wp-content\/uploads\/2022\/11\/trou-2.png\" alt=\"\" class=\"wp-image-921\" srcset=\"https:\/\/innosergo.com\/wp-content\/uploads\/2022\/11\/trou-2.png 362w, https:\/\/innosergo.com\/wp-content\/uploads\/2022\/11\/trou-2-276x300.png 276w\" sizes=\"(max-width: 362px) 100vw, 362px\" \/><\/figure>\n\n\n\n<figure class=\"wp-block-image size-large\"><img loading=\"lazy\" width=\"362\" height=\"394\" data-id=\"924\"  src=\"https:\/\/innosergo.com\/wp-content\/uploads\/2022\/11\/trou-3.png\" alt=\"\" class=\"wp-image-924\" srcset=\"https:\/\/innosergo.com\/wp-content\/uploads\/2022\/11\/trou-3.png 362w, https:\/\/innosergo.com\/wp-content\/uploads\/2022\/11\/trou-3-276x300.png 276w\" sizes=\"(max-width: 362px) 100vw, 362px\" \/><\/figure>\n\n\n\n<figure class=\"wp-block-image size-large\"><img loading=\"lazy\" width=\"362\" height=\"394\" data-id=\"937\"  src=\"https:\/\/innosergo.com\/wp-content\/uploads\/2022\/11\/trou-4.png\" alt=\"\" class=\"wp-image-937\" srcset=\"https:\/\/innosergo.com\/wp-content\/uploads\/2022\/11\/trou-4.png 362w, https:\/\/innosergo.com\/wp-content\/uploads\/2022\/11\/trou-4-276x300.png 276w\" sizes=\"(max-width: 362px) 100vw, 362px\" \/><\/figure>\n\n\n\n<figure class=\"wp-block-image size-large\"><img loading=\"lazy\" width=\"362\" height=\"394\" data-id=\"922\"  src=\"https:\/\/innosergo.com\/wp-content\/uploads\/2022\/11\/trou-5.png\" alt=\"\" class=\"wp-image-922\" srcset=\"https:\/\/innosergo.com\/wp-content\/uploads\/2022\/11\/trou-5.png 362w, https:\/\/innosergo.com\/wp-content\/uploads\/2022\/11\/trou-5-276x300.png 276w\" sizes=\"(max-width: 362px) 100vw, 362px\" \/><\/figure>\n\n\n\n<figure class=\"wp-block-image size-large\"><img loading=\"lazy\" width=\"362\" height=\"394\" data-id=\"931\"  src=\"https:\/\/innosergo.com\/wp-content\/uploads\/2022\/11\/trou-6.png\" alt=\"\" class=\"wp-image-931\" srcset=\"https:\/\/innosergo.com\/wp-content\/uploads\/2022\/11\/trou-6.png 362w, https:\/\/innosergo.com\/wp-content\/uploads\/2022\/11\/trou-6-276x300.png 276w\" sizes=\"(max-width: 362px) 100vw, 362px\" \/><\/figure>\n\n\n\n<figure class=\"wp-block-image size-large\"><img loading=\"lazy\" width=\"362\" height=\"394\" data-id=\"934\"  src=\"https:\/\/innosergo.com\/wp-content\/uploads\/2022\/11\/trou-7.png\" alt=\"\" class=\"wp-image-934\" srcset=\"https:\/\/innosergo.com\/wp-content\/uploads\/2022\/11\/trou-7.png 362w, https:\/\/innosergo.com\/wp-content\/uploads\/2022\/11\/trou-7-276x300.png 276w\" sizes=\"(max-width: 362px) 100vw, 362px\" \/><\/figure>\n\n\n\n<figure class=\"wp-block-image size-large\"><img loading=\"lazy\" width=\"362\" height=\"394\" data-id=\"929\"  src=\"https:\/\/innosergo.com\/wp-content\/uploads\/2022\/11\/trou-8.png\" alt=\"\" class=\"wp-image-929\" srcset=\"https:\/\/innosergo.com\/wp-content\/uploads\/2022\/11\/trou-8.png 362w, https:\/\/innosergo.com\/wp-content\/uploads\/2022\/11\/trou-8-276x300.png 276w\" sizes=\"(max-width: 362px) 100vw, 362px\" \/><\/figure>\n\n\n\n<figure class=\"wp-block-image size-large\"><img loading=\"lazy\" width=\"362\" height=\"394\" data-id=\"928\"  src=\"https:\/\/innosergo.com\/wp-content\/uploads\/2022\/11\/trou-9.png\" alt=\"\" class=\"wp-image-928\" srcset=\"https:\/\/innosergo.com\/wp-content\/uploads\/2022\/11\/trou-9.png 362w, https:\/\/innosergo.com\/wp-content\/uploads\/2022\/11\/trou-9-276x300.png 276w\" sizes=\"(max-width: 362px) 100vw, 362px\" \/><\/figure>\n\n\n\n<figure class=\"wp-block-image size-large\"><img loading=\"lazy\" width=\"362\" height=\"394\" data-id=\"926\"  src=\"https:\/\/innosergo.com\/wp-content\/uploads\/2022\/11\/trou-10.png\" alt=\"\" class=\"wp-image-926\" srcset=\"https:\/\/innosergo.com\/wp-content\/uploads\/2022\/11\/trou-10.png 362w, https:\/\/innosergo.com\/wp-content\/uploads\/2022\/11\/trou-10-276x300.png 276w\" sizes=\"(max-width: 362px) 100vw, 362px\" \/><\/figure>\n\n\n\n<figure class=\"wp-block-image size-large\"><img loading=\"lazy\" width=\"362\" height=\"394\" data-id=\"925\"  src=\"https:\/\/innosergo.com\/wp-content\/uploads\/2022\/11\/trou-11.png\" alt=\"\" class=\"wp-image-925\" srcset=\"https:\/\/innosergo.com\/wp-content\/uploads\/2022\/11\/trou-11.png 362w, https:\/\/innosergo.com\/wp-content\/uploads\/2022\/11\/trou-11-276x300.png 276w\" sizes=\"(max-width: 362px) 100vw, 362px\" \/><\/figure>\n\n\n\n<figure class=\"wp-block-image size-large\"><img loading=\"lazy\" width=\"362\" height=\"394\" data-id=\"930\"  src=\"https:\/\/innosergo.com\/wp-content\/uploads\/2022\/11\/trou-12.png\" alt=\"\" class=\"wp-image-930\" srcset=\"https:\/\/innosergo.com\/wp-content\/uploads\/2022\/11\/trou-12.png 362w, https:\/\/innosergo.com\/wp-content\/uploads\/2022\/11\/trou-12-276x300.png 276w\" sizes=\"(max-width: 362px) 100vw, 362px\" \/><\/figure>\n\n\n\n<figure class=\"wp-block-image size-large\"><img loading=\"lazy\" width=\"362\" height=\"394\" data-id=\"936\"  src=\"https:\/\/innosergo.com\/wp-content\/uploads\/2022\/11\/trou-13.png\" alt=\"\" class=\"wp-image-936\" srcset=\"https:\/\/innosergo.com\/wp-content\/uploads\/2022\/11\/trou-13.png 362w, https:\/\/innosergo.com\/wp-content\/uploads\/2022\/11\/trou-13-276x300.png 276w\" sizes=\"(max-width: 362px) 100vw, 362px\" \/><\/figure>\n\n\n\n<figure class=\"wp-block-image size-large\"><img loading=\"lazy\" width=\"362\" height=\"394\" data-id=\"927\"  src=\"https:\/\/innosergo.com\/wp-content\/uploads\/2022\/11\/trou-14.png\" alt=\"\" class=\"wp-image-927\" srcset=\"https:\/\/innosergo.com\/wp-content\/uploads\/2022\/11\/trou-14.png 362w, https:\/\/innosergo.com\/wp-content\/uploads\/2022\/11\/trou-14-276x300.png 276w\" sizes=\"(max-width: 362px) 100vw, 362px\" \/><\/figure>\n\n\n\n<figure class=\"wp-block-image size-large\"><img loading=\"lazy\" width=\"362\" height=\"394\" data-id=\"935\"  src=\"https:\/\/innosergo.com\/wp-content\/uploads\/2022\/11\/trou-15.png\" alt=\"\" class=\"wp-image-935\" srcset=\"https:\/\/innosergo.com\/wp-content\/uploads\/2022\/11\/trou-15.png 362w, https:\/\/innosergo.com\/wp-content\/uploads\/2022\/11\/trou-15-276x300.png 276w\" sizes=\"(max-width: 362px) 100vw, 362px\" \/><\/figure>\n\n\n\n<figure class=\"wp-block-image size-large\"><img loading=\"lazy\" width=\"362\" height=\"394\" data-id=\"923\"  src=\"https:\/\/innosergo.com\/wp-content\/uploads\/2022\/11\/trou-16.png\" alt=\"\" class=\"wp-image-923\" srcset=\"https:\/\/innosergo.com\/wp-content\/uploads\/2022\/11\/trou-16.png 362w, https:\/\/innosergo.com\/wp-content\/uploads\/2022\/11\/trou-16-276x300.png 276w\" sizes=\"(max-width: 362px) 100vw, 362px\" \/><\/figure>\n\n\n\n<figure class=\"wp-block-image size-large\"><img loading=\"lazy\" width=\"362\" height=\"394\" data-id=\"932\"  src=\"https:\/\/innosergo.com\/wp-content\/uploads\/2022\/11\/trou-17.png\" alt=\"\" class=\"wp-image-932\" srcset=\"https:\/\/innosergo.com\/wp-content\/uploads\/2022\/11\/trou-17.png 362w, https:\/\/innosergo.com\/wp-content\/uploads\/2022\/11\/trou-17-276x300.png 276w\" sizes=\"(max-width: 362px) 100vw, 362px\" \/><\/figure>\n\n\n\n<figure class=\"wp-block-image size-large\"><img loading=\"lazy\" width=\"362\" height=\"394\" data-id=\"933\"  src=\"https:\/\/innosergo.com\/wp-content\/uploads\/2022\/11\/trou-18.png\" alt=\"\" class=\"wp-image-933\" srcset=\"https:\/\/innosergo.com\/wp-content\/uploads\/2022\/11\/trou-18.png 362w, https:\/\/innosergo.com\/wp-content\/uploads\/2022\/11\/trou-18-276x300.png 276w\" sizes=\"(max-width: 362px) 100vw, 362px\" \/><\/figure>\n<\/figure>\n\n\n\n<h4>Vue compl\u00e8te a\u00e9rienne des greens de Villennes-sur-Seine<\/h4>\n\n\n\n<figure class=\"wp-block-image size-large\"><img loading=\"lazy\" width=\"1024\" height=\"575\" src=\"https:\/\/innosergo.com\/wp-content\/uploads\/2022\/11\/Capture-decran-2022-11-03-a-13.04.34-1024x575.png\" alt=\"\" class=\"wp-image-940\" srcset=\"https:\/\/innosergo.com\/wp-content\/uploads\/2022\/11\/Capture-decran-2022-11-03-a-13.04.34-1024x575.png 1024w, https:\/\/innosergo.com\/wp-content\/uploads\/2022\/11\/Capture-decran-2022-11-03-a-13.04.34-300x169.png 300w, https:\/\/innosergo.com\/wp-content\/uploads\/2022\/11\/Capture-decran-2022-11-03-a-13.04.34-768x432.png 768w, https:\/\/innosergo.com\/wp-content\/uploads\/2022\/11\/Capture-decran-2022-11-03-a-13.04.34-1536x863.png 1536w, https:\/\/innosergo.com\/wp-content\/uploads\/2022\/11\/Capture-decran-2022-11-03-a-13.04.34-2048x1151.png 2048w\" sizes=\"(max-width: 1024px) 100vw, 1024px\" \/><\/figure>\n","protected":false},"excerpt":{"rendered":"<p>Position des drapeaux Voici les vues a\u00e9riennes et la position des drapeaux du golf de Villennes-sur-Seine Vue compl\u00e8te a\u00e9rienne des greens de Villennes-sur-Seine<\/p>\n","protected":false},"author":2,"featured_media":0,"parent":0,"menu_order":0,"comment_status":"closed","ping_status":"closed","template":"","meta":{"site-sidebar-layout":"no-sidebar","site-content-layout":"plain-container","ast-global-header-display":"","ast-main-header-display":"","ast-hfb-above-header-display":"","ast-hfb-below-header-display":"","ast-hfb-mobile-header-display":"","site-post-title":"disabled","ast-breadcrumbs-content":"","ast-featured-img":"disabled","footer-sml-layout":"","theme-transparent-header-meta":"enabled","adv-header-id-meta":"","stick-header-meta":"","header-above-stick-meta":"","header-main-stick-meta":"","header-below-stick-meta":""},"yoast_head":"<!-- This site is optimized with the Yoast SEO plugin v19.9 - https:\/\/yoast.com\/wordpress\/plugins\/seo\/ -->\n<title>Golf Villennes - Innosergo<\/title>\n<meta name=\"robots\" content=\"index, follow, max-snippet:-1, max-image-preview:large, max-video-preview:-1\" \/>\n<link rel=\"canonical\" href=\"https:\/\/innosergo.com\/?page_id=942\" \/>\n<meta property=\"og:locale\" content=\"fr_FR\" \/>\n<meta property=\"og:type\" content=\"article\" \/>\n<meta property=\"og:title\" content=\"Golf Villennes - Innosergo\" \/>\n<meta property=\"og:description\" content=\"Position des drapeaux Voici les vues a\u00e9riennes et la position des drapeaux du golf de Villennes-sur-Seine Vue compl\u00e8te a\u00e9rienne des greens de Villennes-sur-Seine\" \/>\n<meta property=\"og:url\" content=\"https:\/\/innosergo.com\/?page_id=942\" \/>\n<meta property=\"og:site_name\" content=\"Innosergo\" \/>\n<meta property=\"article:modified_time\" content=\"2022-11-07T11:27:45+00:00\" \/>\n<meta property=\"og:image\" content=\"https:\/\/innosergo.com\/wp-content\/uploads\/2022\/09\/IMG_2688-scaled.jpeg\" \/>\n<meta name=\"twitter:card\" content=\"summary_large_image\" \/>\n<meta name=\"twitter:label1\" content=\"Dur\u00e9e de lecture estim\u00e9e\" \/>\n\t<meta name=\"twitter:data1\" content=\"5 minutes\" \/>\n<script type=\"application\/ld+json\" class=\"yoast-schema-graph\">{\"@context\":\"https:\/\/schema.org\",\"@graph\":[{\"@type\":\"WebPage\",\"@id\":\"https:\/\/innosergo.com\/?page_id=942\",\"url\":\"https:\/\/innosergo.com\/?page_id=942\",\"name\":\"Golf Villennes - Innosergo\",\"isPartOf\":{\"@id\":\"https:\/\/innosergo.com\/#website\"},\"datePublished\":\"2022-11-04T13:02:38+00:00\",\"dateModified\":\"2022-11-07T11:27:45+00:00\",\"breadcrumb\":{\"@id\":\"https:\/\/innosergo.com\/?page_id=942#breadcrumb\"},\"inLanguage\":\"fr-FR\",\"potentialAction\":[{\"@type\":\"ReadAction\",\"target\":[\"https:\/\/innosergo.com\/?page_id=942\"]}]},{\"@type\":\"BreadcrumbList\",\"@id\":\"https:\/\/innosergo.com\/?page_id=942#breadcrumb\",\"itemListElement\":[{\"@type\":\"ListItem\",\"position\":1,\"name\":\"Accueil\",\"item\":\"https:\/\/innosergo.com\/\"},{\"@type\":\"ListItem\",\"position\":2,\"name\":\"Golf Villennes\"}]},{\"@type\":\"WebSite\",\"@id\":\"https:\/\/innosergo.com\/#website\",\"url\":\"https:\/\/innosergo.com\/\",\"name\":\"Innosergo\",\"description\":\"Let&#039;s go Innosergo\",\"publisher\":{\"@id\":\"https:\/\/innosergo.com\/#organization\"},\"potentialAction\":[{\"@type\":\"SearchAction\",\"target\":{\"@type\":\"EntryPoint\",\"urlTemplate\":\"https:\/\/innosergo.com\/?s={search_term_string}\"},\"query-input\":\"required name=search_term_string\"}],\"inLanguage\":\"fr-FR\"},{\"@type\":\"Organization\",\"@id\":\"https:\/\/innosergo.com\/#organization\",\"name\":\"Innosergo\",\"url\":\"https:\/\/innosergo.com\/\",\"logo\":{\"@type\":\"ImageObject\",\"inLanguage\":\"fr-FR\",\"@id\":\"https:\/\/innosergo.com\/#\/schema\/logo\/image\/\",\"url\":\"https:\/\/innosergo.com\/wp-content\/uploads\/2022\/08\/innosergo-logo-2020-fond-blanc-avec-baseline.png\",\"contentUrl\":\"https:\/\/innosergo.com\/wp-content\/uploads\/2022\/08\/innosergo-logo-2020-fond-blanc-avec-baseline.png\",\"width\":1546,\"height\":484,\"caption\":\"Innosergo\"},\"image\":{\"@id\":\"https:\/\/innosergo.com\/#\/schema\/logo\/image\/\"}}]}<\/script>\n<!-- \/ Yoast SEO plugin. -->","yoast_head_json":{"title":"Golf Villennes - Innosergo","robots":{"index":"index","follow":"follow","max-snippet":"max-snippet:-1","max-image-preview":"max-image-preview:large","max-video-preview":"max-video-preview:-1"},"canonical":"https:\/\/innosergo.com\/?page_id=942","og_locale":"fr_FR","og_type":"article","og_title":"Golf Villennes - Innosergo","og_description":"Position des drapeaux Voici les vues a\u00e9riennes et la position des drapeaux du golf de Villennes-sur-Seine Vue compl\u00e8te a\u00e9rienne des greens de Villennes-sur-Seine","og_url":"https:\/\/innosergo.com\/?page_id=942","og_site_name":"Innosergo","article_modified_time":"2022-11-07T11:27:45+00:00","og_image":[{"url":"https:\/\/innosergo.com\/wp-content\/uploads\/2022\/09\/IMG_2688-scaled.jpeg"}],"twitter_card":"summary_large_image","twitter_misc":{"Dur\u00e9e de lecture estim\u00e9e":"5 minutes"},"schema":{"@context":"https:\/\/schema.org","@graph":[{"@type":"WebPage","@id":"https:\/\/innosergo.com\/?page_id=942","url":"https:\/\/innosergo.com\/?page_id=942","name":"Golf Villennes - Innosergo","isPartOf":{"@id":"https:\/\/innosergo.com\/#website"},"datePublished":"2022-11-04T13:02:38+00:00","dateModified":"2022-11-07T11:27:45+00:00","breadcrumb":{"@id":"https:\/\/innosergo.com\/?page_id=942#breadcrumb"},"inLanguage":"fr-FR","potentialAction":[{"@type":"ReadAction","target":["https:\/\/innosergo.com\/?page_id=942"]}]},{"@type":"BreadcrumbList","@id":"https:\/\/innosergo.com\/?page_id=942#breadcrumb","itemListElement":[{"@type":"ListItem","position":1,"name":"Accueil","item":"https:\/\/innosergo.com\/"},{"@type":"ListItem","position":2,"name":"Golf Villennes"}]},{"@type":"WebSite","@id":"https:\/\/innosergo.com\/#website","url":"https:\/\/innosergo.com\/","name":"Innosergo","description":"Let&#039;s go Innosergo","publisher":{"@id":"https:\/\/innosergo.com\/#organization"},"potentialAction":[{"@type":"SearchAction","target":{"@type":"EntryPoint","urlTemplate":"https:\/\/innosergo.com\/?s={search_term_string}"},"query-input":"required name=search_term_string"}],"inLanguage":"fr-FR"},{"@type":"Organization","@id":"https:\/\/innosergo.com\/#organization","name":"Innosergo","url":"https:\/\/innosergo.com\/","logo":{"@type":"ImageObject","inLanguage":"fr-FR","@id":"https:\/\/innosergo.com\/#\/schema\/logo\/image\/","url":"https:\/\/innosergo.com\/wp-content\/uploads\/2022\/08\/innosergo-logo-2020-fond-blanc-avec-baseline.png","contentUrl":"https:\/\/innosergo.com\/wp-content\/uploads\/2022\/08\/innosergo-logo-2020-fond-blanc-avec-baseline.png","width":1546,"height":484,"caption":"Innosergo"},"image":{"@id":"https:\/\/innosergo.com\/#\/schema\/logo\/image\/"}}]}},"_links":{"self":[{"href":"https:\/\/innosergo.com\/index.php?rest_route=\/wp\/v2\/pages\/942"}],"collection":[{"href":"https:\/\/innosergo.com\/index.php?rest_route=\/wp\/v2\/pages"}],"about":[{"href":"https:\/\/innosergo.com\/index.php?rest_route=\/wp\/v2\/types\/page"}],"author":[{"embeddable":true,"href":"https:\/\/innosergo.com\/index.php?rest_route=\/wp\/v2\/users\/2"}],"replies":[{"embeddable":true,"href":"https:\/\/innosergo.com\/index.php?rest_route=%2Fwp%2Fv2%2Fcomments&post=942"}],"version-history":[{"count":5,"href":"https:\/\/innosergo.com\/index.php?rest_route=\/wp\/v2\/pages\/942\/revisions"}],"predecessor-version":[{"id":1008,"href":"https:\/\/innosergo.com\/index.php?rest_route=\/wp\/v2\/pages\/942\/revisions\/1008"}],"wp:attachment":[{"href":"https:\/\/innosergo.com\/index.php?rest_route=%2Fwp%2Fv2%2Fmedia&parent=942"}],"curies":[{"name":"wp","href":"https:\/\/api.w.org\/{rel}","templated":true}]}}